
Suppose 0 = -20*w + 17*w. Suppose 53 = -w*s + s. What is the tens digit of s?
5
Suppose 2*r - 2*a = 814, r - a = 2*a + 397. What is the tens digit of r?
1
Let o = 0 + 2. Suppose o*h = -2*h + 136. Suppose 2*m = 4*l + h, -2*l - 73 = -5*m + 2*l. What is the tens digit of m?
1
Let p = -111 + 68. Let y = -19 - p. What is the tens digit of y?
2
Let k be (-6)/(-15) - (-26)/10. Let j(r) = r - k + 3. What is the units digit of j(8)?
8
Let i = -49 - 27. What is the units digit of (4 - i/(-16))*-8?
6
Let p(h) = h**2 + 2*h - 6. Let a = -16 - -9. Let v be p(a). Let r = -17 + v. What is the units digit of r?
2
Suppose 2 - 64 = -r - 3*z, 0 = 3*r - z - 186. What is the tens digit of r?
6
Let c be (1 + (-8)/6)*-6. Suppose 5*l = -4*t - 0*l - 8, -t + 3*l + 15 = 0. Let d = t - c. What is the units digit of d?
1
What is the tens digit of 134/4 + (-14)/(-28)?
3
Suppose 0 = -5*m - 5 + 20. Suppose -5*r + m*r + 2 = 0. Suppose -4*o - r = 2*b - o, 3*b - 6 = -3*o. What is the units digit of b?
7
Let d be (-76)/6*(-9)/2. Suppose 2*t - 47 + 13 = 4*i, 0 = 4*t + 3*i - d. Suppose -2*k = -t + 1. What is the units digit of k?
7
Let p(g) be the first derivative of -g**4/12 + 7*g**3/6 - 3*g**2/2 - 3*g + 2. Let r(f) be the first derivative of p(f). What is the units digit of r(6)?
3
Let x = -13 + 17. What is the units digit of (-2)/(x/4) - -12?
0
Let i(z) = 29*z**2 - 1. What is the hundreds digit of i(-2)?
1
Let q = 8 - -6. Let r = -10 + q. Suppose n - 60 = -r*n. What is the tens digit of n?
1
Let z = -2 - 1. What is the units digit of (-83)/z + 1/3?
8
What is the units digit of 2*2 + (203 - 3)?
4
Suppose 3*d - 84 = 66. What is the units digit of d?
0
Suppose 0 = 4*z - 2*i + 65 - 281, 3*z + 5*i - 149 = 0. Let q = -38 + z. What is the units digit of q?
5
Let s = -14 + 4. Let x(u) = u**3 + 5*u**2 + 3. Let h be x(-4). Let f = h + s. What is the units digit of f?
9
Let c = -3 - -8. Suppose -33 = c*w - 83. What is the tens digit of w?
1
Let o be 176/(-18) + (-4)/18. Let y = 2 - o. What is the units digit of y?
2
Suppose -k + 5*p + 63 = 0, 0 = 3*k + 5*p - 0*p - 289. What is the tens digit of k?
8
Let r be (-1)/(-3)*(10 + -4). What is the tens digit of (6/(-9) + r)*9?
1
Suppose -5*q - 7 + 22 = 0. Let m be ((-10)/(-3) - 2)*15. Suppose -t + m = q*t. What is the units digit of t?
5
Let o be (-146)/(-10) + 3/(-5). Let d = o - 8. What is the units digit of d?
6
Suppose -4*a = -0*a - 124. Suppose t - a = -3*t - 3*l, -4*l + 25 = 3*t. What is the units digit of t?
7
Let u(n) be the first derivative of -n**2 + 3 + 1/3*n**3 + 1/4*n**4 + 3*n. What is the tens digit of u(2)?
1
Let g be 2*(0 + -2 - 1). Let w(s) = 2*s**3 - 2*s**2 + s - 8. Let d(o) = o**3 + o**2 - o - 1. Let f(t) = -3*d(t) + w(t). What is the units digit of f(g)?
7
Suppose 4*t + 2*o - o = 11, 15 = 5*t + o. Suppose r = 3*r - 4. Suppose -3*f + 2*x = -13, -f = -r*x + 3*x + t. What is the units digit of f?
1
Let p(r) be the second derivative of -3/20*r**5 - 3*r + 0 - 1/6*r**4 + 0*r**2 + 0*r**3. What is the tens digit of p(-2)?
1
Let i(n) = 12*n**2 - n + 1. Let m = 2 + -1. What is the units digit of i(m)?
2
Suppose 7*c = 71 + 594. What is the units digit of c?
5
Let g = 29 - 51. Let s = g + 44. What is the tens digit of s?
2
Let b = -26 - -23. What is the tens digit of b/2*136/(-6)?
3
Let c = -52 + 12. What is the units digit of ((-1)/1 + c)/(-1)?
1
Suppose 4*y + 5*s = 656, -6*y + 326 = -4*y + 3*s. What is the tens digit of y?
6
Suppose 0 = d - 9*d + 480. What is the tens digit of d?
6
Let b be -10 - -6*4/(-8). Let p = 41 + b. What is the tens digit of p?
2
Let g(w) = w**3 - 7*w**2 + 5*w + 8. Let d be g(6). Let v be (-12)/(-42) + 9/(-7). Let a = v + d. What is the units digit of a?
1
Let p be (-2)/(-8) - 360/32. Let o = p - -16. Suppose 3*j = -15, -j - 3 = -3*q + o. What is the units digit of q?
1
Suppose -12 = -3*n, y - 6*y = 4*n - 286. What is the tens digit of y?
5
Suppose 3*y - 17 = 28. What is the tens digit of y?
1
Let c(q) = 9*q**2 + 2*q - 1. Let k be c(1). Suppose k = -d - 0*d. What is the units digit of (-56)/d + 2/5?
6
Let r be (-1 - -1) + 3 + -5. Let i = r - -10. What is the units digit of i?
8
Let l(h) = h**3 - 10*h**2 - 12*h - 8. What is the units digit of l(12)?
6
Let m(d) = d**2 + 15*d + 15. Let i be m(-13). Let f = i + 45. What is the units digit of f?
4
Let g(l) = 2*l**3 - 4*l**2 - l + 1. Let b be g(3). What is the units digit of ((-24)/b)/(2/(-40))?
0
Let k(n) = 2*n**2 - n + 1. What is the units digit of k(0)?
1
Let b = -4 - -7. Let d be (-2)/(-1 + 0/2). Suppose -b*x - d*n = -9, -3*n + 1 = 2*x - 0. What is the units digit of x?
5
Let f(i) = 3*i + 2. Let z be f(2). Suppose 5 = h + z. What is the units digit of ((-2)/2)/(h/6)?
2
Suppose 11*w + 57 = 14*w. What is the units digit of w?
9
Let r(c) be the first derivative of c**3/3 - 2*c**2 - 4*c + 3. What is the units digit of r(6)?
8
Let c(m) = m**3 + 7*m**2 + 7*m + 6. Suppose 18 = 2*r - 5*r. Let o be c(r). What is the units digit of 14/(o/(-3) - -2)?
7
Suppose 4*u + 0*u - 8 = 0. Suppose 27 = q - u*o, -4*o = q + 2 - 5. What is the units digit of q?
9
Let k be 8*11 - (10 + -7). Suppose k - 10 = 3*c. What is the units digit of c?
5
Let m = -21 + 25. Let z(q) = 5*q**2 - 7*q**3 + 6 + q**2 + 6*q**3 - 4*q. What is the tens digit of z(m)?
2
Suppose 4*y - z + 52 = 0, 3 = 3*y + 5*z + 19. Let f = y - -21. Let i = f - 3. What is the units digit of i?
6
Let g be 4*3/(12/(-7)). What is the units digit of ((-20)/(-14))/((-1)/g)?
0
Let r be (2/3)/(5/45). Let u(n) = -n**2 + 7*n + 4. What is the tens digit of u(r)?
1
Suppose -14 = -4*i + 22. Suppose -b = -4*a + 8 + 14, 14 = -2*b + 2*a. Let c = i + b. What is the units digit of c?
7
Let z be (-6)/9*3*1. What is the tens digit of 1 + -4 - (z - 11)?
1
Suppose -49*q - 1565 = -54*q. What is the hundreds digit of q?
3
Let b = -46 - -90. Let u be (-109)/4 - (-2)/8. Let g = u + b. What is the tens digit of g?
1
Let o(f) = -f**2 + f + 5. Let q be 2 - 9 - (-2 - 0). Let c be o(q). What is the tens digit of c/(-2) + (-3)/(-6)?
1
Suppose -1 = 2*s - 7. Suppose -s + 15 = 4*w. Suppose 0 = -4*y + w*d - 3, -y + 2*d = -6*y + 25. What is the units digit of y?
3
Let w(z) = 2*z**2 - 9*z - 2. What is the units digit of w(9)?
9
Let x(u) = -u**3 + 9*u**2 - 4*u + 9. What is the units digit of x(7)?
9
Let m(y) = -y**3 + 3*y**2 + 5*y + 3. What is the tens digit of m(-4)?
9
Let v(x) be the first derivative of -x**3/3 - 7*x**2/2 - 7*x + 2. Let i be v(-7). Let a = -3 - i. What is the units digit of a?
4
What is the tens digit of ((-42)/10)/((-10)/50)?
2
Suppose -64 - 80 = -2*v. Let i = v + -40. What is the tens digit of i?
3
Let y(t) = -5*t - 10. Let c(w) = -6*w - 10. Let k(p) = 6*c(p) - 7*y(p). What is the tens digit of k(-7)?
1
Let d be (-1 - -3) + (-4)/(-2). What is the tens digit of 1498/56 - (-1)/d?
2
Suppose 5*w - 4*w = 5. Let d(p) = p**2 - 5. What is the tens digit of d(w)?
2
Suppose 5*u - u = 20. Suppose 20 = u*o, o - 16 = -2*a - o. What is the units digit of a?
4
Suppose 103 = 8*x - 7*x. What is the tens digit of x?
0
Let c = -9 + -17. What is the units digit of c/(-3) - (-4)/12?
9
Let u be 1 - ((-3 - 0) + 0). Let p(f) = -f - 4. Let x be p(-6). Suppose -x*y + u*y - 18 = 0. What is the units digit of y?
9
Let z(c) = 2*c - 10. Let k be z(8). Let n be (k/9)/((-2)/(-3)). Suppose 5*w = 4*w + n. What is the units digit of w?
1
Let h = 83 - 49. What is the units digit of h?
4
Suppose 18 = 2*s - 18. Let b(c) = -3*c - 2. Let y be b(-2). Suppose 17 = -r - 3*r - 5*q, 2*q = y*r - s. What is the units digit of r?
2
Suppose 2*f - 10 = 0, -2*h = -0*f + 3*f - 175. What is the units digit of h?
0
Let q = 79 - 31. What is the units digit of q?
8
Suppose 4*y - 6 = -2*l + 12, -4*l - 16 = -5*y. Let k be l/(-4) - 20/(-16). What is the units digit of 0/(-1) + k + 1?
2
Let w be (-1 + 4)*10/15. Suppose y + 137 = 5*g, 2*g - 64 = 3*y + w*y. What is the units digit of g?
7
Suppose m + 3 = -1. Let j = m + 10. Suppose 2*q + 3*f = 2, 4*q - j = 3*f + 34. What is the units digit of q?
7
What is the units digit of (-16)/(-2)*(-9)/(-3)?
4
Let c(b) = 2*b + 1. What is the tens digit of c(12)?
2
Let g = -8 + 12. Let x be (-1 - (-6)/g)*-6. Let m = 5 + x. What is the units digit of m?
2
Let o(k) = -3*k + 2. Let g be 0 + 2 + (-3 - -1). Suppose g = 2*h + z + z + 8, 3*z = h. What is the units digit of